base 12
-2
-11 (base 16) to base 5
-32
-342 (base 7) to base 15
-bc
Convert -22 (base 5) to base 9.
-13
-1320 (base 5) to base 12
-156
21 (base 3) to base 12
7
Convert -2 (base 10) to base 16.
-2
Convert -248 (base 10) to base 5.
-1443
Convert -30 (base 4) to base 6.
-20
Convert 1 (base 8) to base 15.
1
Convert -233 (base 6) to base 3.
-10110
Convert 3 (base 11) to base 16.
3
What is 7 (base 10) in base 6?
11
Convert 102 (base 5) to base 9.
30
What is -1 (base 15) in base 13?
-1
What is 21 (base 9) in base 15?
14
What is -2 (base 3) in base 7?
-2
Convert e9 (base 15) to base 13.
13b
What is 101 (base 2) in base 11?
5
Convert -8 (base 13) to base 8.
-10
6 (base 14) to base 2
110
What is -11002 (base 3) in base 14?
-7c
What is 11 (base 4) in base 12?
5
What is 2 (base 5) in base 9?
2
-60 (base 9) to base 8
-66
What is -1 (base 4) in base 9?
-1
Convert 122 (base 6) to base 16.
32
Convert 4 (base 14) to base 15.
4
31 (base 4) to base 6
21
Convert -352 (base 7) to base 4.
-2320
What is 11 (base 7) in base 3?
22
What is -c (base 16) in base 3?
-110
Convert 18c (base 13) to base 15.
140
Convert 37 (base 8) to base 3.
1011
b (base 13) to base 15
b
Convert -65 (base 12) to base 3.
-2212
124 (base 11) to base 3
12110
Convert 4 (base 6) to base 9.
4
What is -12 (base 8) in base 15?
-a
Convert 0 (base 15) to base 3.
0
What is 1 (base 3) in base 8?
1
Convert -2 (base 5) to base 13.
-2
-3 (base 11) to base 4
-3
Convert e9 (base 15) to base 16.
db
Convert 26 (base 8) to base 10.
22
2 (base 8) to base 6
2
4a (base 11) to base 9
60
What is 77 (base 15) in base 9?
134
Convert 33 (base 8) to base 14.
1d
Convert -2 (base 10) to base 8.
-2
What is 21 (base 10) in base 9?
23
Convert 14 (base 6) to base 8.
12
-159 (base 10) to base 9
-186
What is 100 (base 2) in base 9?
4
Convert 101 (base 3) to base 9.
11
What is 11 (base 11) in base 9?
13
Convert 16 (base 9) to base 15.
10
Convert -55 (base 6) to base 11.
-32
Convert -5 (base 9) to base 15.
-5
Convert -10 (base 6) to base 8.
-6
What is -8 (base 10) in base 2?
-1000
5 (base 15) to base 13
5
Convert -255 (base 6) to base 12.
-8b
Convert 4 (base 7) to base 15.
4
-6 (base 8) to base 12
-6
What is 3 (base 10) in base 7?
3
What is -7 (base 14) in base 4?
-13
What is 1a (base 11) in base 16?
15
4 (base 15) to base 16
4
Convert 8b (base 13) to base 16.
73
Convert -11000 (base 2) to base 15.
-19
-1 (base 12) to base 14
-1
Convert -3 (base 9) to base 15.
-3
Convert 5 (base 9) to base 3.
12
What is 4 (base 13) in base 2?
100
Convert -5 (base 15) to base 8.
-5
What is 7 (base 8) in base 2?
111
-23 (base 4) to base 2
-1011
What is -4 (base 7) in base 13?
-4
What is 4 (base 15) in base 13?
4
What is -10100 (base 3) in base 2?
-1011010
-1001111 (base 2) to base 5
-304
What is -26 (base 7) in base 13?
-17
Convert -403 (base 5) to base 3.
-10211
What is -11 (base 2) in base 10?
-3
-15 (base 8) to base 11
-12
-2 (base 15) to base 13
-2
Convert 3 (base 11) to base 10.
3
-3 (base 14) to base 7
-3
What is 0 (base 13) in base 9?
0
Convert -18 (base 15) to base 12.
-1b
Convert 20 (base 3) to base 7.
6
85 (base 10) to base 4
1111
What is e3 (base 16) in base 5?
1402
Convert 27 (base 13) to base 14.
25
Convert 1100 (base 5) to base 2.
10010110
What is 131 (base 4) in base 16?
1d
Convert 7 (base 16) to base 12.
7
-a (base 16) to base 3
-101
-10 (base 4) to base 12
-4
What is 6 (base 15) in base 4?
12
Convert -17 (base 16) to base 15.
-18
-2 (base 8) to base 12
-2
Convert 9 (base 12) to base 6.
13
Convert 10 (base 9) to base 8.
11
What is -10 (base 8) in base 4?
-20
Convert -3 (base 11) to base 7.
-3
1 (base 3) to base 7
1
What is 7 (base 12) in base 15?
7
-2 (base 11) to base 15
-2
Convert 12 (base 5) to base 13.
7
-2a (base 14) to base 2
-100110
What is 5b (base 12) in base 16?
47
2d (base 15) to base 6
111
What is 12 (base 12) in base 7?
20
-25 (base 12) to base 6
-45
bb (base 16) to base 11
160
What is 21 (base 8) in base 14?
13
Convert -4 (base 13) to base 14.
-4
-110 (base 10) to base 12
-92
Convert 25 (base 6) to base 8.
21
Convert 104 (base 5) to base 4.
131
2 (base 9) to base 12
2
5 (base 12) to base 6
5
What is 23 (base 5) in base 16?
d
-140 (base 5) to base 8
-55
Convert 1 (base 16) to base 15.
1
What is 23 (base 4) in base 3?
102
What is 9 (base 14) in base 8?
11
Convert -10101110 (base 2) to base 14.
-c6
What is 0 (base 9) in base 3?
0
Convert 160 (base 9) to base 12.
b3
Convert 8 (base 14) to base 5.
13
Convert 231 (base 10) to base 3.
22120
What is -20 (base 12) in base 14?
-1a
Convert 66 (base 7) to base 3.
1210
What is -20 (base 9) in base 3?
-200
2 (base 12) to base 9
2
What is -343 (base 5) in base 16?
-62
What is -17 (base 9) in base 6?
-24
Convert 0 (base 4) to base 5.
0
84 (base 9) to base 10
76
What is 2 (base 9) in base 13?
2
Convert a3 (base 13) to base 11.
111
What is 2 (base 3) in base 8?
2
Convert 3 (base 4) to base 2.
11
Convert -161 (base 11) to base 10.
-188
What is 1b (base 12) in base 6?
35
Convert -41 (base 14) to base 3.
-2010
Convert 112 (base 4) to base 3.
211
-20 (base 6) to base 16
-c
What is -132 (base 7) in base 5?
-242
1 (base 9) to base 14
1
Convert 2 (base 11) to base 14.
2
What is -9 (base 13) in base 4?
-21
Convert -13 (base 16) to base 15.
-14
Convert 170 (base 14) to base 13.
198
What is -321 (base 5) in base 4?
-1112
Convert -5 (base 10) to base 16.
-5
What is -3 (base 4) in base 11?
-3
Convert 2 (base 12) to base 10.
2
What is 10 (base 7) in base 16?
7
b5 (base 16) to base 10
181
9 (base 11) to base 16
9
Convert -3 (base 8) to base 4.
-3
-257 (base 8) to base 14
-c7
157 (base 9) to base 3
11221
Convert -434 (base 6) to base 13.
-ca
What is 10 (base 5) in base 15?
5
-4 (base 15) to base 8
-4
Convert 3 (base 5) to base 16.
3
Convert 51 (base 15) to base 2.
1001100
What is 3 (base 15) in base 16?
3
-21 (base 10) to base 13
-18
Convert -15 (base 15) to base 3.
-202
310 (base 7) to base 6
414
62 (base 12) to base 3
2202
What is 8a (base 16) in base 10?
138
-1 (base 14) to base 6
-1
Convert a (base 11) to base 12.
a
What is -165 (base 8) in base 4?
-1311
Convert 12 (base 16) to base 12.
16
-4 (base 10) to base 9
-4
Convert -4 (base 9) to base 10.
-4
Convert -13c (base 13) to base 10.
-220
30 (base 6) to base 15
13
Convert 18 (base 10) to base 11.
17
Convert d (base 14) to base 15.
d
Convert -a0 (base 12) to base 10.
-120
Convert -20 (base 9) to base 7.
-24
What is 100 (base 2) in base 10?
4
Convert -130 (base 6) to base 14.
-3c
4 (base 13) to base 14
4
1 (base 10) to base 12
1
What is 12 (base 3) in base 13?
5
What is -20 (base 3) in base 16?
-6
Convert 22 (base 4) to base 6.
14
What is -1 (base 5) in base 11?
-1
Convert -101 (base 2) to base 13.
-5
2 (base 9) to base 15
2
Convert 124 (base 5) to base 12.
33
What is 1 (base 11) in base 10?
1
Convert -1a (base 14) to base 12.
-20
Convert 0 (base 3) to base 11.
0
Convert -14 (base 16) to base 3.
-202
What is -4 (base 5) in base 15?
-4
Convert 1 (base 8) to base 12.
1
-21 (base 16) to base 9
-36
What is -23 (base 12) in base 4?
-123
What is 0 (base 13) in base 14?
0
53 (base 8) to base 5
133
What is 22 (base 15) in base 4?
200
101 (base 2) to base 7
5
What is 4 (base 13) in base 6?
4
Convert 17 (base 9) to base 16.
10
Convert -75 (base 15) to base 11.
-a0
What is 24 (base 6) in base 5?
31
13c (base 13) to base 12
164
1001011 (base 2) to base 6
203
Convert 23 (base 8) to base 6.
31
36 (base 9) to base 13
27
8 (base 15) to base 7
11
Convert -322 (base 6) to base 5.
-442
Convert -30 (base 8) to base 14.
-1a
What is -41 (base 5) in base 13?
-18
1 (base 12) to base 13
1
Convert 4 (base 10) to base 7.
4
2 (base 10) to base 15
2
1011101 (base 2) to base 15
63
What is -72 (base 14) in base 4?
-1210
Convert 209 (base 10) to base 8.
321
What is 1 (base 16) in base 8?
1
Convert 1a (base 13) to base 5.
43
-5 (base 12) to base 16
-5
What is 121 (base 7) in base 3?
2101
4 (base 13) to base 9
4
What is 0 (base 8) in base 14?
0
Convert -211 (base 5) to base 8.
-70
Convert 1 (base 5) to base 6.
1
-10 (base 7) to base 16
-7
-3 (base 10) to base 2
-11
Convert -68 (base 12) to base 3.
-2222
Convert 63 (base 11) to base 5.
234
0 (base 2) to base 8
0
Convert -54 (base 12) to base 14.
-48
Convert 17 (base 15) to base 4.
112
Convert 1b6 (base 13) to base 11.
26a
What i